 of 103?
False
Is 64 a factor of 14252916?
False
Is 36 a factor of 733140?
True
Does 149 divide 572905?
True
Does 645 divide 442470?
True
Does 697 divide 3019368?
False
Does 13 divide 64610?
True
Is 59 a factor of 327332?
True
Is 553488 a multiple of 26?
True
Is 13112365 a multiple of 664?
False
Does 10 divide 925550?
True
Is 116 a factor of 8470320?
True
Does 16 divide 1150560?
True
Does 568 divide 2261208?
True
Does 655 divide 4148115?
True
Is 5653915 a multiple of 31?
False
Does 197 divide 26450639?
False
Is 37 a factor of 136023?
False
Does 257 divide 29339?
False
Does 5 divide 168435?
True
Is 25353 a multiple of 19?
False
Does 114 divide 776443?
False
Does 2 divide 777463?
False
Is 9206765 a multiple of 59?
False
Is 2408700 a multiple of 217?
True
Is 165 a factor of 163848?
False
Is 726 a factor of 1164504?
True
Is 1786347 a multiple of 27?
True
Does 116 divide 102892?
True
Is 25863 a multiple of 37?
True
Is 3559080 a multiple of 105?
True
Is 146796 a multiple of 12?
True
Does 2 divide 67614?
True
Is 381441 a multiple of 159?
True
Does 573 divide 13387572?
True
Does 249 divide 115388?
False
Is 123121 a multiple of 126?
False
Does 366 divide 460749?
False
Is 190 a factor of 707784?
False
Does 28 divide 85300?
False
Is 2152926 a multiple of 158?
False
Is 307297 a multiple of 113?
False
Is 10 a factor of 177349?
False
Is 32418 a multiple of 3?
True
Is 905 a factor of 1955705?
True
Does 1253 divide 1486058?
True
Is 177086 a multiple of 342?
False
Is 120 a factor of 330600?
True
Does 80 divide 27547?
False
Is 35 a factor of 656598?
False
Is 76015 even?
False
Does 185 divide 1111224?
False
Is 665282 a multiple of 172?
False
Is 71708 a multiple of 199?
False
Does 161 divide 10942365?
True
Does 6 divide 1276221?
False
Is 206568 a multiple of 15?
False
Is 2862610 a multiple of 977?
True
Is 14 a factor of 3282496?
True
Does 2875 divide 9185625?
True
Is 7506161 a multiple of 24?
False
Does 6 divide 26334?
True
Is 197 a factor of 670391?
True
Is 1952707 a multiple of 491?
True
Does 3 divide 23694?
True
Does 9 divide 938760?
False
Is 48 a factor of 40620?
False
Is 466 a factor of 1916354?
False
Is 8 a factor of 3146386?
False
Is 994 a factor of 501738?
False
Is 168 a factor of 7914312?
True
Is 173 a factor of 28876?
False
Is 48 a factor of 1033048?
False
Does 743 divide 4647465?
True
Does 41 divide 1467103?
True
Is 12 a factor of 100872?
True
Is 23 a factor of 251454?
False
Does 5 divide 934322?
False
Is 1470169 a multiple of 14?
False
Is 28 a factor of 4170784?
False
Is 21021030 a multiple of 38?
True
Is 38 a factor of 1577722?
True
Is 28 a factor of 193172?
True
Is 69 a factor of 6540?
False
Does 4 divide 342866?
False
Is 21 a factor of 19619?
False
Is 160 a factor of 304861?
False
Does 1231 divide 4207558?
True
Is 139245 a multiple of 15?
True
Is 7107372 a multiple of 5?
False
Is 916 a factor of 241715?
False
Is 18 a factor of 205560?
True
Is 1838920 a multiple of 86?
False
Does 296 divide 1013842?
False
Is 221 a factor of 12130591?
False
Is 5468317 a multiple of 131?
False
Does 11 divide 193270?
True
Is 50 a factor of 4974450?
True
Is 10674800 a multiple of 15?
False
Is 1126371 a multiple of 2?
False
Is 11887 a multiple of 23?
False
Is 19102186 a multiple of 2447?
False
Does 13 divide 2407681?
False
Is 99461 a multiple of 121?
False
Is 128896 a multiple of 152?
True
Is 237 a factor of 12539?
False
Does 86 divide 2648538?
False
Is 39 a factor of 341191?
False
Is 280 a factor of 94760?
False
Is 1054907 a multiple of 259?
True
Is 2427647 a multiple of 279?
False
Is 2175750 a multiple of 30?
True
Is 8 a factor of 10900?
False
Is 96859 a multiple of 64?
False
Is 20 a factor of 425333?
False
Is 284 a factor of 168843?
False
Is 23 a factor of 3079665?
False
Is 16 a factor of 133157?
False
Is 678 a factor of 2545890?
True
Is 14468886 a multiple of 41?
False
Is 66 a factor of 2326698?
True
Is 1471962 a multiple of 124?
False
Is 2148 a multiple of 358?
True
Is 15 a factor of 334590?
True
Is 106128 a multiple of 144?
True
Is 59477 a multiple of 273?
False
Is 2 a factor of 697077?
False
Does 4 divide 21083?
False
Is 5498932 a multiple of 490?
False
Is 36759 a multiple of 6?
False
Is 84030 even?
True
Is 4668380 a multiple of 5?
True
Is 15300656 a multiple of 16?
True
Is 176200 a multiple of 50?
True
Does 26 divide 5897280?
False
Is 2162810 a multiple of 1270?
True
Is 260736 a multiple of 388?
True
Is 89516 a multiple of 36?
False
Does 411 divide 6132120?
True
Is 58 a factor of 2335080?
True
Is 155290 a multiple of 8?
False
Does 14 divide 553322?
True
Is 27 a factor of 158445?
False
Is 27 a factor of 264975?
False
Is 311 a factor of 123156?
True
Is 13 a factor of 3536710?
False
Is 55800 a multiple of 93?
True
Is 264 a factor of 333624?
False
Is 4929676 a multiple of 82?
True
Is 113 a factor of 68387?
False
Does 3 divide 498224?
False
Is 399331 a multiple of 33?
False
Is 562810 a multiple of 115?
True
Is 5 a factor of 37912?
False
Is 461135 a multiple of 100?
False
Is 727265 a multiple of 55?
True
Does 11 divide 4947184?
True
Is 5009634 a multiple of 29?
True
Does 102 divide 1984219?
False
Is 745668 a multiple of 308?
True
Is 305 a factor of 123525?
True
Does 552 divide 7498920?
True
Is 41 a factor of 11032268?
False
Is 2954281 a multiple of 131?
False
Is 179175 a multiple of 15?
True
Does 51 divide 47201?
False
Is 357775 a multiple of 16?
False
Does 304 divide 1903251?
False
Is 5477 even?
False
Is 1927710 a multiple of 21?
False
Does 655 divide 11586604?
False
Is 34 a factor of 9711?
False
Is 95033 a multiple of 25?
False
Is 4831560 a multiple of 180?
True
Is 19473246 a multiple of 78?
True
Does 625 divide 3531250?
True
Does 131 divide 1403665?
True
Is 3025275 a multiple of 5?
True
Is 243485 a multiple of 22?
False
Does 5 divide 6820?
True
Is 5 a factor of 81522?
False
Is 200 a factor of 291283?
False
Does 21 divide 160483?
False
Does 8 divide 71880?
True
Is 1164 a factor of 1173039?
False
Is 16 a factor of 29513?
False
Does 107 divide 235090?
False
Does 12 divide 441787?
False
Does 21 divide 334554?
False
Is 335 a factor of 6467?
False
Does 16 divide 283312?
True
Is 3106440 a multiple of 1804?
False
Does 394 divide 28458692?
False
Does 217 divide 6979805?
True
Is 1580310 a multiple of 54?
True
Is 4278375 a multiple of 4?
False
Is 174 a factor of 97629?
False
Is 24338 a multiple of 43?
True
Is 25 a factor of 21602850?
True
Is 4687358 a multiple of 26?
True
Does 45 divide 434880?
True
Is 64772 a multiple of 2?
True
Is 9 a factor of 21897?
True
Is 26 a factor of 59720?
False
Is 271 a factor of 126589?
False
Is 53874 a multiple of 41?
True
Does 103 divide 1607006?
True
Is 16 a factor of 33537?
False
Is 2073988 a multiple of 24?
False
Is 134 a factor of 69412?
True
Is 20 a factor of 20828?
False
Is 297304 a multiple of 32?
False
Does 536 divide 3031616?
True
Does 1373 divide 1602291?
True
Is 8 a factor of 45704?
True
Does 6 divide 36709?
False
Is 218964 a multiple of 189?
False
Does 243 divide 10001637?
True
Does 66 divide 43443?
False
Is 7 a factor of 382876?
False
Is 42030 a multiple of 18?
True
Is 70560 a multiple of 144?
True
Is 556 a factor of 3580534?
False
Does 16 divide 1447520?
True
Is 870402 a multiple of 255?
False
Is 465216 a multiple of 4?
True
Is 12 a factor of 1690176?
True
Does 1714 divide 12884138?
True
Is 1395194 a multiple of 569?
False
Does 78 divide 63180?
True
Does 90 divide 1378620?
True
Is 67 a factor of 512161?
False
Is 575400 a multiple of 12?
True
Is 173 a factor of 1271530?
False
Is 5113612 a multiple of 92?
False
Is 2 a factor of 154199?
False
Is 30 a factor of 1449750?
True
Is 529833 a multiple of 137?
False
Does 48 divide 883532?
False
Is 9 a factor of 4695894?
True
Does 30 divide 451560?
True
Is 15914 even?
True
Is 29 a factor of 7996982?
True
Does 26 divide 107753?
False
Is 999 a factor of 6761001?
False
Is 34012 a multiple of 6?
False
Is 54962 a multiple of 168?
False
Is 1252936 a multiple of 19?
True
Does 88 divide 8015744?
True
Does 335 divide 951969?
False
Is 564 a factor of 13708?
False
Does 602 divide 326045?
False
Is 95872 a multiple of 214?
True
Is 59 a factor of 7285084?
True
Is 161876 a multiple of 68?
False
Is 61 a factor of 52643?
True
Does 32 divide 5792?
True
Does 94 divide 849290?
True
Does 152 divide 6877696?
Tr